126.
92
What is the remainder when 5310 is divided by 23?
20
What is the remainder when 2701 is divided by 22?
17
Calculate the remainder when 2098 is divided by 638.
184
What is the remainder when 6303 is divided by 20?
3
What is the remainder when 1191 is divided by 379?
54
Calculate the remainder when 2877 is divided by 2745.
132
Calculate the remainder when 23411 is divided by 4650.
161
What is the remainder when 19732 is divided by 569?
386
Calculate the remainder when 208 is divided by 63.
19
Calculate the remainder when 2429 is divided by 99.
53
Calculate the remainder when 41285 is divided by 347.
339
What is the remainder when 50123 is divided by 50104?
19
Calculate the remainder when 10471 is divided by 2617.
3
Calculate the remainder when 6699 is divided by 304.
11
Calculate the remainder when 113010 is divided by 4707.
42
What is the remainder when 825 is divided by 377?
71
Calculate the remainder when 207612 is divided by 474.
0
Calculate the remainder when 1268028 is divided by 317004.
12
What is the remainder when 1323 is divided by 1238?
85
Calculate the remainder when 27525 is divided by 60.
45
Calculate the remainder when 4083 is divided by 509.
11
Calculate the remainder when 13181 is divided by 2095.
611
What is the remainder when 1427 is divided by 155?
32
Calculate the remainder when 4652 is divided by 71.
37
What is the remainder when 1431 is divided by 360?
351
Calculate the remainder when 213 is divided by 12.
9
Calculate the remainder when 8659 is divided by 61.
58
Calculate the remainder when 23971 is divided by 14.
3
Calculate the remainder when 6065 is divided by 88.
81
What is the remainder when 236045 is divided by 933?
929
What is the remainder when 1653 is divided by 201?
45
What is the remainder when 222254 is divided by 111125?
4
What is the remainder when 7893 is divided by 12?
9
What is the remainder when 19878 is divided by 70?
68
What is the remainder when 58674 is divided by 41?
3
Calculate the remainder when 4755 is divided by 2178.
399
What is the remainder when 3368 is divided by 274?
80
What is the remainder when 144608 is divided by 921?
11
What is the remainder when 14366 is divided by 45?
11
Calculate the remainder when 942557 is divided by 84.
77
What is the remainder when 593482 is divided by 86?
82
What is the remainder when 440363 is divided by 970?
953
What is the remainder when 48810 is divided by 39?
21
Calculate the remainder when 26126 is divided by 390.
386
What is the remainder when 130905 is divided by 29?
28
Calculate the remainder when 34729 is divided by 1052.
13
Calculate the remainder when 475 is divided by 349.
126
What is the remainder when 213925 is divided by 427?
425
Calculate the remainder when 57338 is divided by 7167.
2
Calculate the remainder when 4694 is divided by 2338.
18
What is the remainder when 11215 is divided by 71?
68
What is the remainder when 2388 is divided by 531?
264
What is the remainder when 826 is divided by 274?
4
Calculate the remainder when 5862 is divided by 1165.
37
What is the remainder when 6207 is divided by 2310?
1587
What is the remainder when 2991 is divided by 415?
86
What is the remainder when 74737 is divided by 85?
22
Calculate the remainder when 14881 is divided by 1203.
445
Calculate the remainder when 191292 is divided by 327.
324
Calculate the remainder when 7943 is divided by 106.
99
Calculate the remainder when 13497 is divided by 281.
9
Calculate the remainder when 18874 is divided by 860.
814
Calculate the remainder when 39743 is divided by 114.
71
Calculate the remainder when 4745 is divided by 105.
20
Calculate the remainder when 36547 is divided by 580.
7
Calculate the remainder when 857517 is divided by 40.
37
What is the remainder when 1147900 is divided by 151?
149
What is the remainder when 123031 is divided by 4?
3
Calculate the remainder when 198 is divided by 39.
3
Calculate the remainder when 6996 is divided by 9.
3
What is the remainder when 141997 is divided by 47?
10
What is the remainder when 699 is divided by 19?
15
Calculate the remainder when 2855 is divided by 180.
155
Calculate the remainder when 109605 is divided by 103.
13
Calculate the remainder when 7728 is divided by 59.
58
What is the remainder when 79600 is divided by 109?
30
What is the remainder when 28587 is divided by 289?
265
What is the remainder when 42676 is divided by 34?
6
What is the remainder when 5154 is divided by 83?
8
Calculate the remainder when 37334 is divided by 18647.
40
What is the remainder when 3784 is divided by 1249?
37
What is the remainder when 28068 is divided by 7006?
44
What is the remainder when 17445 is divided by 349?
344
What is the remainder when 94591 is divided by 31528?
7
What is the remainder when 54625 is divided by 28?
25
What is the remainder when 1137 is divided by 594?
543
What is the remainder when 29497 is divided by 289?
19
Calculate the remainder when 5057 is divided by 2983.
2074
What is the remainder when 182127 is divided by 603?
21
Calculate the remainder when 5408 is divided by 208.
0
What is the remainder when 75025 is divided by 2778?
19
Calculate the remainder when 4463 is divided by 2229.
5
Calculate the remainder when 418 is divided by 78.
28
What is the remainder when 9522 is divided by 3?
0
What is the remainder when 740218 is divided by 15?
13
What is the remainder when 1123 is divided by 68?
35
What is the remainder when 112634 is divided by 56317?
0
What is the remainder when 5149 is divided by 2420?
309
Calculate the remainder when 19487 is divided by 605.
127
What is the remainder when 12017 is divided by 262?
227
What is the remainder when 1056 is divided by 362?
332
Calculate the remainder when 44800 is divided by 11200.
0
Calculate the remainder when 5071 is divided by 94.
89
What is the remainder when 686075 is divided by 1466?
1453
Calculate the remainder when 21956 is divided by 130.
116
Calculate the remainder when 7812 is divided by 3904.
4
Calculate the remainder when 6922 is divided by 754.
136
Calculate the remainder when 5274 is divided by 13.
9
Calculate the remainder when 1925 is divided by 370.
75
Calculate the remainder when 168 is divided by 22.
14
Calculate the remainder when 2049 is divided by 379.
154
What is the remainder when 81501 is divided by 566?
563
What is the remainder when 38011 is divided by 86?
85
What is the remainder when 930105 is divided by 17549?
8
What is the remainder when 2860 is divided by 40?
20
Calculate the remainder when 359513 is divided by 6.
5
What is the remainder when 33711 is divided by 392?
391
What is the remainder when 104758 is divided by 34885?
103
What is the remainder when 592448 is divided by 50?
48
What is the remainder when 1680 is divided by 756?
168
Calculate the remainder when 10915 is divided by 782.
749
What is the remainder when 5983 is divided by 378?
313
Calculate the remainder when 21974 is divided by 2744.
22
Calculate the remainder when 5683 is divided by 5586.
97
What is the remainder when 289517 is divided by 110?
107
Calculate the remainder when 18963 is divided by 46.
11
What is the remainder when 3731 is divided by 1643?
445
Calculate the remainder when 35873 is divided by 82.
39
Calculate the remainder when 54489 is divided by 4539.
21
What is the remainder when 20834 is divided by 244?
94
Calculate the remainder when 104913 is divided by 48.
33
What is the remainder when 45139 is divided by 740?
739
Calculate the remainder when 94424 is divided by 28.
8
What is the remainder when 339773 is divided by 80?
13
What is the remainder when 9178 is divided by 270?
268
What is the remainder when 408052 is divided by 141?
139
What is the remainder when 951 is divided by 228?
39
Calculate the remainder when 23842 is divided by 129.
106
Calculate the remainder when 460 is divided by 95.
80
Calculate the remainder when 635 is divided by 612.
23
Calculate the remainder when 475406 is divided by 345.
341
Calculate the remainder when 89766 is divided by 89750.
16
Calculate the remainder when 2164733 is divided by 769.
767
What is the remainder when 1860 is divided by 66?
12
What is the remainder when 4640 is divided by 583?
559
What is the remainder when 46885 is divided by 104?
85
Calculate the remainder when 2555 is divi